number?
False
Let o be 1/(-2 + (-15)/(-6)). Suppose -j - o*j + 3 = 0. Is (2/1 - -9)/j a prime number?
True
Suppose 0 = 2*q - 6, q - 7 = -2*h. Suppose 7*d - 2*d = -4*l + 3059, 0 = 5*d + h*l - 3057. Is d composite?
True
Suppose -5*x - 10 = 5*h, -x = x - 4*h + 28. Let s = 6 + x. Suppose -5*t + 293 + 942 = s. Is t a composite number?
True
Let l(c) = -16*c**3 - 3*c**2 - 3*c - 2. Let p be l(-2). Let o = p + 335. Suppose 0 = 3*q - s + 6*s - o, 5*s + 415 = 3*q. Is q prime?
False
Let w(c) = 479*c**2. Let n be (-8)/10 - 4/20. Is w(n) prime?
True
Is (5 - 6)*3/(18/(-142314)) a prime number?
True
Suppose -18*p - 10 = -20*p. Suppose f + p*r - 12 = 0, 4*r - 18 = -f - 4*f. Suppose f*z - 485 = -3*z. Is z prime?
True
Suppose 14*n = 4*n + 10810. Is n composite?
True
Let a(u) = u + 8. Let g(t) = t**3 - t**2 - t + 2. Let x be g(0). Suppose -3*h = -x*z - 0*z + 19, 0 = 5*z - 10. Is a(h) composite?
False
Suppose -2*a + 2586 = -2134. Suppose 3*c - 5*k + k = 1770, 4*c - a = -k. Let h = c + 45. Is h composite?
True
Let x be 0*(1 + (-3)/6). Suppose 0 = -3*q + 3*l + 726, -8*l + 3*l + 15 = x. Let y = -130 + q. Is y composite?
True
Suppose s - 5 = -1, -3*s + 187 = 5*j. Is j a prime number?
False
Let g = 208 - 708. Let i = g - -1861. Is i composite?
False
Let d be 4/16 - 15/(-4). Let w be 2/4 + 2146/d. Let h = w + -346. Is h a prime number?
True
Suppose -3*r + 3005 = -2011. Suppose -t + 2*q + r = 3*t, 3*t + 5*q - 1267 = 0. Is t composite?
False
Let m(i) = -i**3 - 10*i**2 + 24*i + 69. Is m(-20) a composite number?
True
Suppose -11*p - 2*v = -14*p + 44453, -p = 5*v - 14795. Is p a prime number?
False
Let v = -1042 + 2735. Is v composite?
False
Let a = 201 - 135. Suppose 0*j + 3*m - 215 = -2*j, 5*j - 2*m = 566. Let x = j - a. Is x prime?
False
Suppose 6*q - 7*q + 5638 = 5*n, 28050 = 5*q - 3*n. Is q prime?
False
Let z be 42/(-2) + -4*1. Let u = z + 17. Let f = u - -45. Is f a composite number?
False
Let v(f) = -f**2 - 7*f + 11. Let x be v(-8). Let q(s) = 0 + 474*s + 2 - x. Is q(1) prime?
False
Is 3/(-8 + (-255325)/(-31913)) prime?
False
Let m = 0 + -8. Let h = m + 10. Is 9/(-3)*-3 - h a composite number?
False
Suppose -2*x - 194 = -1336. Is x prime?
True
Let h = 78 + -76. Suppose 4*d + 5*k = 5419, 2*d - h*k - 4093 = -d. Is d composite?
False
Suppose -5*f - 206 = -916. Let k = 105 + f. Is k prime?
False
Let y = 4 - 1. Let u be 6 - 2 - y - 7. Is (652/u)/(16/(-24)) a composite number?
False
Let c = 1466 - -2103. Is c composite?
True
Let p(i) = -i**3 + 35*i**2 + 2*i + 51. Is p(26) a composite number?
True
Let t = -5 - -5. Suppose t = -7*h + 9*h - 16. Suppose 0 = -3*m + h*m - 155. Is m a composite number?
False
Let x(p) be the second derivative of -299*p**3/2 - 5*p**2 + 13*p. Is x(-3) a composite number?
True
Let t = -68 + 68. Suppose t*x + 259 = x. Is x a composite number?
True
Let n be (3 - 2) + -1 + 5. Suppose 0 = -h + 3, -21 - n = -k - 3*h. Suppose -2 - k = -v. Is v a composite number?
False
Let z(q) = 2*q - 18. Let w be z(9). Suppose -8*f + 2*f + 870 = w. Is f prime?
False
Suppose 2*r - 124 = 3*h, 4*h - 56 = 5*r - 233. Let l(b) = b**3 + 9*b**2 + 22*b + 57. Let x be l(-9). Let d = h - x. Is d a prime number?
True
Let m = 2 + 2. Suppose 29 = 5*j + m. Suppose g + j*y - 169 = 0, -4*g + 327 = 2*y - 277. Is g prime?
True
Let o be (-2 - 1)*(124 + -13). Let a = o + 670. Is a a prime number?
True
Let o = -15863 - -41596. Is o composite?
False
Let p(a) = 47*a + 21. Let l be p(18). Let y = 2194 + l. Is y a prime number?
True
Is (-61078 + 35)/(3/6*-2) prime?
True
Let p(j) be the first derivative of -1/4*j**4 + 5 - 5*j + 9/2*j**2 - 14/3*j**3. Is p(-15) prime?
False
Suppose 3*k + 4*m = 22, -k = -3*k - 3*m + 16. Suppose 0 = -4*q - 2*b + 1518, q - 4*q + k*b = -1135. Is q prime?
True
Let o(g) be the third derivative of g**5/60 + g**4/4 - g**3 - 2*g**2 + 26*g. Let s(n) = 4*n - 1. Let w be s(2). Is o(w) composite?
True
Suppose 6*q - 11*q = 5*t - 71220, 28481 = 2*q - 5*t. Is q prime?
True
Let j be (-3)/(6020/(-3004) + 2). Suppose 4*y = j + 4041. Is y a prime number?
False
Let p = 2799 + 2764. Is p a composite number?
False
Let f = 5 - 7. Let j be (1 - -1415) + 28/(-7). Is (1/f)/((-2)/j) prime?
True
Let g = -238 + 1523. Is g composite?
True
Suppose -2*t + 4*m = 798, 0 = -3*t + m - 355 - 867. Suppose -5*u - 2*z + 3355 = -7*z, -z = -4*u + 2675. Let d = u + t. Is d prime?
False
Let t(x) = 20*x**3 - 10*x**2 + 22*x - 175. Is t(8) prime?
True
Suppose 20*t - 25*t = -6485. Is t prime?
True
Let f(l) = l**3 - 5*l**2 + 7*l - 4. Let v be f(5). Suppose -4*m + 2*p = -398, 4*p + v = 11. Is m composite?
False
Suppose 20 = -0*v - 4*v - 4*r, 13 = -3*v - 2*r. Let f(w) = -86*w + 7. Is f(v) composite?
True
Is 55/(-165) + (-60596)/(-6) prime?
True
Suppose 15*h + 5*q + 11133 = 18*h, -3*h + 11133 = -q. Is h a composite number?
True
Let a = 53 + -71. Is (43/2)/((-9)/a) composite?
False
Suppose -4*b - 9 = 5*d - 29, 0 = -2*d - 2*b + 10. Suppose -a + 3*a = -3*y + 97, -y + 4*a + 23 = d. Is y a prime number?
True
Let h(p) = p. Let r(z) = -26*z + 11. Let n(i) = 6*h(i) + r(i). Suppose 4*c - 4 = 2*m, 5*c - 3*c - 42 = 5*m. Is n(m) a composite number?
False
Let k(r) = -509*r + 135. Let c(x) = 254*x - 67. Let y(l) = -5*c(l) - 2*k(l). Is y(-8) composite?
False
Suppose 5*k + 2*g - 4338 = 25557, -23934 = -4*k + 2*g. Is k a prime number?
True
Suppose 5*y - 9117 = 3*o + 29663, -4*o = y - 7733. Is y a prime number?
True
Let p be (4/(-6))/(12/(-90) - 0). Is (207/(-2) - 2)*(-10)/p prime?
True
Let f be (4/6)/(8/(-9084))*-1. Let z = -312 + f. Is z composite?
True
Is (-13)/((-130)/40) + (17159 - -2) a prime number?
False
Let i(s) = -2*s**3 + 7*s**2 + 6*s + 2. Is i(-9) a composite number?
False
Is ((-4)/(-8))/(20904/10448 - 2) prime?
True
Let b(c) = 91*c**2 - c + 1. Let m be b(-5). Suppose 0 = 4*t - 2*g - 11623 + m, 7004 = 3*t - g. Is t composite?
False
Let q(s) = s**3 - s**2 + s - 1. Let d(r) = -38*r**3 + 3*r**2 - 5*r + 13. Let p(i) = -d(i) - q(i). Is p(5) composite?
False
Let t = 81767 - 54262. Is t composite?
True
Let k = 31 + -26. Suppose -k*s = -0*s - 3745. Is s composite?
True
Let f(i) = -i**3 - 19*i**2 - 2*i + 45. Is f(-19) composite?
False
Suppose -914 + 104072 = 18*t. Is t a composite number?
True
Let d(v) = -24*v - 236. Let z be d(-10). Let t(g) = -3 + 33*g**2 + 6*g + 6 + 2. Is t(z) a prime number?
True
Is 495481/3 - (-82)/123 a prime number?
True
Suppose x - 13 + 11 = 0, 5*x = -i + 34643. Is i a prime number?
False
Let q(a) = 3*a + 4. Let m be q(0). Suppose 3*t - 580 - 535 = -j, -m*t + 5575 = 5*j. Is j a composite number?
True
Suppose 4*i = 5*b - 63510, -19*b + 17*b = 5*i - 25437. Is b composite?
True
Let n = 68 + 67. Suppose 4*d = -3*l + 6*l + 496, -2*l = d - n. Is d composite?
False
Let y be -13 + 2 + -2 + 3. Let x be y/(-25) - (-926)/10. Let w = x - -4. Is w a composite number?
False
Suppose -4*g = -5*d + 143835 + 21330, 0 = -d - 4*g + 33057. Is d prime?
True
Let u = 1669 - -1015. Suppose -u = -2*t - 2*t - 2*r, 4*r - 671 = -t. Is t composite?
True
Let c(h) = 186*h + 49. Let t be c(6). Let j = -536 + t. Is j a composite number?
True
Suppose 99 = -4*c - 5*w, 3*c + 2*w + 90 = -c. Is (-2 - c/9)*813 prime?
True
Let k(d) = -d**3 + 7*d**2 - 6*d - 4. Let z be k(5). Let p(h) = -z*h + 12 - 3 + 44*h. Is p(4) a composite number?
True
Let h = 83 + -81. Suppose -6*q + 184 = -h*q. Is q a composite number?
True
Suppose 2*i = 3*i - 107. Is i - (-3 + (-1 - 0)) a prime number?
False
Let t(h) = -7*h - 2. Let d be t(-1). Suppose -10033 = -d*o - 5*c + 14482, 2*o - 9822 = 2*c. Is o a composite number?
True
Suppose 4*h + 35*h = 184119. Is h composite?
False
Let w(j) = 2*j**3 - 6*j**2 - 27*j + 33. Is w(14) prime?
True
Let p be 12/30 + (-94)/10. Let r = -7 - p. Suppose -2*m = -v - 1259, -r*v + v + 634 = m. Is m a composite number?
False
Is (-7 - -7765) + (8 - 3) composite?
True
Let y(q) = -76*q**3 - 4*q**2 - 3*q - 8. Is y(-3) a composite number?
False
Suppose -4*q - q - 2 = 3*n, 2*q = -3*n - 8. Suppose -s + 2027 = 3*d + q*d, 4*s - 8168 = -5*d. Is s a composite number?
True
Let d = 5991 + -902. Is d a prime number?
False
Let z be ((-236)/6)/((-6)/9). Let p = 115 - z. Suppose -p - 128 = -4*q. Is q composite?
True
Let c be (-2960)/(-3)*(-54)/45. Let y = -517 - c. Is y prime?
False
Suppose 1233 - 8 = 5*t. Let f(o) = -19*o**2 - 3*o + 2. Let n be f(-4). Let x